 hundreds digit of 353?
3
What is the hundreds digit of 146?
1
What is the tens digit of 1448?
4
What is the thousands digit of 11042?
1
What is the thousands digit of 5445?
5
What is the tens digit of 31935?
3
What is the units digit of 612?
2
What is the ten thousands digit of 181533?
8
What is the units digit of 36951?
1
What is the tens digit of 1259?
5
What is the units digit of 1461?
1
What is the hundreds digit of 24352?
3
What is the tens digit of 11630?
3
What is the tens digit of 494?
9
What is the thousands digit of 8957?
8
What is the thousands digit of 8993?
8
What is the thousands digit of 30740?
0
What is the units digit of 1248?
8
What is the ten thousands digit of 89576?
8
What is the units digit of 1200?
0
What is the thousands digit of 2964?
2
What is the tens digit of 1730?
3
What is the tens digit of 3351?
5
What is the tens digit of 28208?
0
What is the units digit of 963?
3
What is the hundreds digit of 2784?
7
What is the hundreds digit of 11822?
8
What is the thousands digit of 71823?
1
What is the units digit of 9475?
5
What is the hundreds digit of 26694?
6
What is the hundreds digit of 12847?
8
What is the units digit of 8521?
1
What is the tens digit of 6067?
6
What is the tens digit of 1464?
6
What is the units digit of 9024?
4
What is the hundreds digit of 6108?
1
What is the units digit of 944?
4
What is the units digit of 278?
8
What is the thousands digit of 28675?
8
What is the tens digit of 2047?
4
What is the units digit of 2228?
8
What is the hundreds digit of 34724?
7
What is the hundreds digit of 627?
6
What is the hundreds digit of 67378?
3
What is the units digit of 81494?
4
What is the thousands digit of 26287?
6
What is the thousands digit of 11660?
1
What is the hundreds digit of 4319?
3
What is the thousands digit of 2426?
2
What is the units digit of 2124?
4
What is the thousands digit of 1201?
1
What is the thousands digit of 1059?
1
What is the thousands digit of 10062?
0
What is the units digit of 1830?
0
What is the units digit of 515?
5
What is the tens digit of 1443?
4
What is the tens digit of 99?
9
What is the hundreds digit of 1033?
0
What is the thousands digit of 1344?
1
What is the units digit of 10253?
3
What is the thousands digit of 6236?
6
What is the tens digit of 926?
2
What is the thousands digit of 2804?
2
What is the thousands digit of 88125?
8
What is the hundreds digit of 90065?
0
What is the tens digit of 180?
8
What is the units digit of 3077?
7
What is the thousands digit of 1380?
1
What is the hundreds digit of 124135?
1
What is the ten thousands digit of 37889?
3
What is the thousands digit of 19846?
9
What is the units digit of 5003?
3
What is the hundreds digit of 567?
5
What is the tens digit of 9768?
6
What is the units digit of 48469?
9
What is the thousands digit of 10878?
0
What is the tens digit of 3295?
9
What is the ten thousands digit of 12662?
1
What is the hundreds digit of 13462?
4
What is the tens digit of 4879?
7
What is the units digit of 820?
0
What is the hundreds digit of 103?
1
What is the hundreds digit of 920?
9
What is the tens digit of 48318?
1
What is the thousands digit of 15926?
5
What is the thousands digit of 49076?
9
What is the thousands digit of 38450?
8
What is the hundred thousands digit of 163047?
1
What is the units digit of 141?
1
What is the hundreds digit of 14630?
6
What is the hundreds digit of 9944?
9
What is the thousands digit of 1212?
1
What is the hundreds digit of 442?
4
What is the thousands digit of 1061?
1
What is the tens digit of 1737?
3
What is the ten thousands digit of 71293?
7
What is the units digit of 41350?
0
What is the tens digit of 11514?
1
What is the tens digit of 16181?
8
What is the hundreds digit of 11993?
9
What is the thousands digit of 2581?
2
What is the thousands digit of 1093?
1
What is the units digit of 52957?
7
What is the hundred thousands digit of 118962?
1
What is the hundreds digit of 477?
4
What is the units digit of 16841?
1
What is the units digit of 2809?
9
What is the units digit of 1142?
2
What is the tens digit of 1031?
3
What is the units digit of 2109?
9
What is the hundreds digit of 129097?
0
What is the hundreds digit of 12868?
8
What is the hundreds digit of 99705?
7
What is the tens digit of 29906?
0
What is the hundreds digit of 18536?
5
What is the thousands digit of 1382?
1
What is the units digit of 263?
3
What is the hundreds digit of 3039?
0
What is the hundreds digit of 10259?
2
What is the tens digit of 4841?
4
What is the tens digit of 1336?
3
What is the units digit of 2018?
8
What is the thousands digit of 5264?
5
What is the units digit of 1006?
6
What is the ten thousands digit of 12591?
1
What is the thousands digit of 1022?
1
What is the hundreds digit of 393?
3
What is the thousands digit of 16107?
6
What is the hundreds digit of 1347?
3
What is the units digit of 79581?
1
What is the units digit of 557?
7
What is the hundreds digit of 3464?
4
What is the ten thousands digit of 18147?
1
What is the hundreds digit of 57302?
3
What is the ten thousands digit of 11256?
1
What is the tens digit of 19764?
6
What is the hundreds digit of 8377?
3
What is the thousands digit of 1975?
1
What is the hundreds digit of 26106?
1
What is the tens digit of 2760?
6
What is the units digit of 2917?
7
What is the tens digit of 73353?
5
What is the units digit of 60356?
6
What is the thousands digit of 2301?
2
What is the units digit of 31777?
7
What is the hundreds digit of 14597?
5
What is the tens digit of 4980?
8
What is the units digit of 1631?
1
What is the thousands digit of 30528?
0
What is the units digit of 4370?
0
What is the tens digit of 846?
4
What is the units digit of 499?
9
What is the thousands digit of 1750?
1
What is the units digit of 6531?
1
What is the hundreds digit of 2944?
9
What is the ten thousands digit of 20400?
2
What is the hundreds digit of 110427?
4
What is the units digit of 6232?
2
What is the ten thousands digit of 35223?
3
What is the hundreds digit of 18556?
5
What is the units digit of 241?
1
What is the ten thousands digit of 16234?
1
What is the units digit of 9081?
1
What is the thousands digit of 3225?
3
What is the hundred thousands digit of 165590?
1
What is the hundreds digit of 276?
2
What is the hundreds digit of 828?
8
What is the ten thousands digit of 14653?
1
What is the tens digit of 23276?
7
What is the thousands digit of 3491?
3
What is the hundreds digit of 291?
2
What is the units digit of 215?
5
What is the tens digit of 979?
7
What is the ten thousands digit of 24862?
2
What is the units digit of 357?
7
What is the tens digit of 4430?
3
What is the thousands digit of 8106?
8
What is the tens digit of 8052?
5
What is the thousands digit of 3599?
3
What is the tens digit of 46450?
5
What is the hundreds digit of 186?
1
What is the hundreds digit of 49900?
9
What is the tens digit of 374?
7
What is the hundreds digit of 10879?
8
What is the tens digit of 15474?
7
What is the hundreds digit of 3899?
8
What is the thousands digit of 1464?
1
What is the units digit of 34574?
4
What is the tens digit of 14733?
3
What is the hundreds digit of 1270?
2
What is the hundreds digit of 9484?
4
What is the hundreds digit of 296?
2
What is the ten thousands digit of 101461?
0
What is the thousands digit of 11940?
1
What is the thousands digit of 3575?
3
What is the hundreds digit of 1481?
4
What is the tens digit of 965?
6
What is the units digit of 71915?
5
What is the tens digit of 614?
1
What is the hundreds digit of 32835?
8
What is the ten thousands digit of 13474?
1
What is the thousands digit of 82187?
2
What is the ten thousands digit of 108614?
0
What is the units digit of 7830?
0
What is the thousands digit of 38257?
8
What is the tens digit of 684?
8
What is the thousands digit of 19988?
9
What is the tens digit of 729?
2
What is the hundreds digit of 13181?
1
What is the units digit of 918?
8
What is the hundreds digit of 1659?
6
What is the hundreds digit of 57493?
4
What is the ten thousands digit of 52471?
5
What is the thousands digit of 7064?
7
What is the hundreds digit of 3576?
5
What is the tens digit of 20112?
1
What is the hundreds digit of 11817?
8
What is the ten thousands digit of 37053?
3
What is the thousa